{"version":"1.0","provider_name":"SAP \u2013 Sdru\u017een\u00ed automobilov\u00e9ho pr\u016fmyslu","provider_url":"https:\/\/autosap.cz\/en\/","author_name":"Vojt\u011bch Sever\u00fdn","author_url":"https:\/\/autosap.cz\/en\/author\/vojta\/","title":"\u010cerven p\u0159inesl m\u00edrn\u00e9 o\u017eiven\u00ed v\u00fdroby vozidel v \u010cR - SAP \u2013 Sdru\u017een\u00ed automobilov\u00e9ho pr\u016fmyslu","type":"rich","width":600,"height":338,"html":"<blockquote class=\"wp-embedded-content\" data-secret=\"ZeTBk6kgoT\"><a href=\"https:\/\/autosap.cz\/en\/aktualita\/cerven-prinesl-mirne-oziveni-vyroby-vozidel-v-cr\/\">\u010cerven p\u0159inesl m\u00edrn\u00e9 o\u017eiven\u00ed v\u00fdroby vozidel v&nbsp;\u010cR<\/a><\/blockquote><iframe sandbox=\"allow-scripts\" security=\"restricted\" src=\"https:\/\/autosap.cz\/en\/aktualita\/cerven-prinesl-mirne-oziveni-vyroby-vozidel-v-cr\/embed\/#?secret=ZeTBk6kgoT\" width=\"600\" height=\"338\" title=\"&#8220;\u010cerven p\u0159inesl m\u00edrn\u00e9 o\u017eiven\u00ed v\u00fdroby vozidel v&nbsp;\u010cR&#8221; &#8212; SAP \u2013 Sdru\u017een\u00ed automobilov\u00e9ho pr\u016fmyslu\" data-secret=\"ZeTBk6kgoT\" frameborder=\"0\" marginwidth=\"0\" marginheight=\"0\" scrolling=\"no\" class=\"wp-embedded-content\"><\/iframe><script type=\"text\/javascript\">\n\/* <![CDATA[ *\/\n\/*! This file is auto-generated *\/\n!function(d,l){\"use strict\";l.querySelector&&d.addEventListener&&\"undefined\"!=typeof URL&&(d.wp=d.wp||{},d.wp.receiveEmbedMessage||(d.wp.receiveEmbedMessage=function(e){var t=e.data;if((t||t.secret||t.message||t.value)&&!\/[^a-zA-Z0-9]\/.test(t.secret)){for(var s,r,n,a=l.querySelectorAll('iframe[data-secret=\"'+t.secret+'\"]'),o=l.querySelectorAll('blockquote[data-secret=\"'+t.secret+'\"]'),c=new RegExp(\"^https?:$\",\"i\"),i=0;i<o.length;i++)o[i].style.display=\"none\";for(i=0;i<a.length;i++)s=a[i],e.source===s.contentWindow&&(s.removeAttribute(\"style\"),\"height\"===t.message?(1e3<(r=parseInt(t.value,10))?r=1e3:~~r<200&&(r=200),s.height=r):\"link\"===t.message&&(r=new URL(s.getAttribute(\"src\")),n=new URL(t.value),c.test(n.protocol))&&n.host===r.host&&l.activeElement===s&&(d.top.location.href=t.value))}},d.addEventListener(\"message\",d.wp.receiveEmbedMessage,!1),l.addEventListener(\"DOMContentLoaded\",function(){for(var e,t,s=l.querySelectorAll(\"iframe.wp-embedded-content\"),r=0;r<s.length;r++)(t=(e=s[r]).getAttribute(\"data-secret\"))||(t=Math.random().toString(36).substring(2,12),e.src+=\"#?secret=\"+t,e.setAttribute(\"data-secret\",t)),e.contentWindow.postMessage({message:\"ready\",secret:t},\"*\")},!1)))}(window,document);\n\/* ]]> *\/\n<\/script>\n","thumbnail_url":"https:\/\/autosap.cz\/wp-content\/uploads\/2020\/07\/vyroba_1-6_2020-700x356.png","thumbnail_width":600,"thumbnail_height":401,"description":"Celkov\u00e1 \u010d\u00edsla v\u00fdroby v\u00a0\u010cesk\u00e9 republice kop\u00edruj\u00ed v\u00fdvoj v\u00a0segmentu osobn\u00edch automobil\u016f, kter\u00fd se i&nbsp;p\u0159es postupn\u00fd restart trh\u016f rozj\u00ed\u017ed\u00ed jen pozvolna. Pokles produkce odpov\u00edd\u00e1 v\u00fdvoji popt\u00e1vky po nov\u00fdch vozidlech v\u00a0Evropsk\u00e9 unii. Ta v\u00a0\u010dervnu zaznamenala meziro\u010dn\u00ed pokles o&nbsp;22,3 %, zaregistrov\u00e1no bylo o&nbsp;\u010dtvrt milionu osobn\u00edch voz\u016f m\u00e9n\u011b ne\u017e ve stejn\u00e9m obdob\u00ed lo\u0148sk\u00e9ho roku. I&nbsp;kdy\u017e jde ve srovn\u00e1n\u00ed s\u00a0p\u0159edchoz\u00edmi m\u011bs\u00edci... Read more"}

SAP – Sdružení automobilového průmyslu

Vojtěch Severýn

Červen přinesl mírné oživení výroby vozidel v ČR - SAP – Sdružení automobilového průmyslu

<blockquote class="wp-embedded-content" data-secret="ZeTBk6kgoT"><a href="https://autosap.cz/en/aktualita/cerven-prinesl-mirne-oziveni-vyroby-vozidel-v-cr/">Červen přinesl mírné oživení výroby vozidel v&nbsp;ČR</a></blockquote><iframe sandbox="allow-scripts" security="restricted" src="https://autosap.cz/en/aktualita/cerven-prinesl-mirne-oziveni-vyroby-vozidel-v-cr/embed/#?secret=ZeTBk6kgoT" width="600" height="338" title="&#8220;Červen přinesl mírné oživení výroby vozidel v&nbsp;ČR&#8221; &#8212; SAP – Sdružení automobilového průmyslu" data-secret="ZeTBk6kgoT" frameborder="0" marginwidth="0" marginheight="0" scrolling="no" class="wp-embedded-content"></iframe><script type="text/javascript">
/* <![CDATA[ */
/*! This file is auto-generated */
!function(d,l){"use strict";l.querySelector&&d.addEventListener&&"undefined"!=typeof URL&&(d.wp=d.wp||{},d.wp.receiveEmbedMessage||(d.wp.receiveEmbedMessage=function(e){var t=e.data;if((t||t.secret||t.message||t.value)&&!/[^a-zA-Z0-9]/.test(t.secret)){for(var s,r,n,a=l.querySelectorAll('iframe[data-secret="'+t.secret+'"]'),o=l.querySelectorAll('blockquote[data-secret="'+t.secret+'"]'),c=new RegExp("^https?:$","i"),i=0;i<o.length;i++)o[i].style.display="none";for(i=0;i<a.length;i++)s=a[i],e.source===s.contentWindow&&(s.removeAttribute("style"),"height"===t.message?(1e3<(r=parseInt(t.value,10))?r=1e3:~~r<200&&(r=200),s.height=r):"link"===t.message&&(r=new URL(s.getAttribute("src")),n=new URL(t.value),c.test(n.protocol))&&n.host===r.host&&l.activeElement===s&&(d.top.location.href=t.value))}},d.addEventListener("message",d.wp.receiveEmbedMessage,!1),l.addEventListener("DOMContentLoaded",function(){for(var e,t,s=l.querySelectorAll("iframe.wp-embedded-content"),r=0;r<s.length;r++)(t=(e=s[r]).getAttribute("data-secret"))||(t=Math.random().toString(36).substring(2,12),e.src+="#?secret="+t,e.setAttribute("data-secret",t)),e.contentWindow.postMessage({message:"ready",secret:t},"*")},!1)))}(window,document);
/* ]]> */
</script>

Celková čísla výroby v České republice kopírují vývoj v segmentu osobních automobilů, který se i&nbsp;přes postupný restart trhů rozjíždí jen pozvolna. Pokles produkce odpovídá vývoji poptávky po nových vozidlech v Evropské unii. Ta v červnu zaznamenala meziroční pokles o&nbsp;22,3 %, zaregistrováno bylo o&nbsp;čtvrt milionu osobních vozů méně než ve stejném období loňského roku. I&nbsp;když jde ve srovnání s předchozími měsíci... Read more
