{"id":15055,"date":"2024-07-08T14:09:48","date_gmt":"2024-07-08T12:09:48","guid":{"rendered":"https:\/\/autosap.cz\/aktualita\/automotive-leaders-forum-potreti-letos-na-tema-udrzitelnost\/"},"modified":"2024-07-08T14:32:42","modified_gmt":"2024-07-08T12:32:42","slug":"automotive-leaders-forum-potreti-letos-na-tema-udrzitelnost","status":"publish","type":"aktualita","link":"https:\/\/autosap.cz\/en\/aktualita\/automotive-leaders-forum-potreti-letos-na-tema-udrzitelnost\/","title":{"rendered":"Automotive Leaders Forum for the third time, this year on the topic of &#8220;sustainability&#8221;"},"content":{"rendered":"<div>\n<p>At the third edition of the Automotive Leaders Forum, which took place on 27 June 2024 as last year in the functionalist building of Galerie M\u00e1nes, the Automotive Industry Association invited not only representatives of AutoSAP member companies but also other guests, both from the state administration and cooperating organizations. More than a&nbsp;hundred people thus marked the highest attendance in the event&#8217;s&nbsp;history.<\/p>\n<p>The evening began with a&nbsp;tour of the exhibition specially prepared for the occasion, where companies from the automotive industry, both AutoSAP members and non-members, presented products that meet the highest sustainability criteria. These included new eco-friendly materials for use in vehicle interiors, as well as examples of recycling or production processes that leave no carbon footprint. Exhibitors included Tawesco Automotive, Plastika, Antolin, Wolters, Praktiksystem, GKN Powder Metallurgy Engineering, Treves, Van De Velde Packaging, Silon, Minth Group, Ronal, Eissmann Group Automotive, Sage Automotive Interiors, Qinshift and Trask solutions.<\/p>\n<\/div>\n<div>\n<p>The second part of the evening began with short speeches. Firstly, Martin Jahn, President of the Association of the Automotive Industry and member of the Board of Directors of \u0160koda Auto, greeted the attendees and mentioned, among other things, that the domestic automotive industry has already returned to pre-crisis values in terms of production volume and has repeatedly confirmed its competitiveness. The importance of this sector was also stressed by Transport Minister Martin Kupka, who, among other things, recalled the Czech Republic&#8217;s&nbsp;success last year in negotiations on the softer Euro 7 standard.<\/p>\n<p>The theme of sustainability, which was the subtitle of this year&#8217;s&nbsp;Automotive Leaders Forum event, was not only reflected in the exhibition, but also in two presentations. \u0160koda Auto Board Member Karsten Schnake titled his presentation &#8220;Sustainability as a&nbsp;business case&#8221;. In this context, he spoke about both regulatory requirements and the strategy being implemented throughout the Volkswagen Group. He gave examples of how VW Group companies use environmentally friendly materials or how they deal with the circular economy. He stressed that the customer always comes first.<\/p>\n<\/div>\n<div>\n<p>So\u0148a Klepek Jon\u00e1\u0161ov\u00e1, founder of the Institute of Circular Economy, gave a&nbsp;presentation on the identical topic (&#8220;Sustainability and Circularity as Opportunity&#8221;), which she conceived as part of the Green Deal. She mentioned, among other things, some of the results of a&nbsp;survey on corporate sustainability: for example, that 81 percent of companies with more than 250 employees already have a&nbsp;sustainability specialist on their team.<\/p>\n<p>The evening also included the traditional announcement of the winners of the Automotive Business of the Year competition. The winners for 2023 were 3M Czech Republic, exe and Tawesco Automotive among companies with up to 250 employees, and Hyundai Motor Manufacturing Czech, Iveco Czech Republic and \u0160koda Auto among companies with more than 250 employees. Representatives of the awarded companies received handmade original glass sculptures from the workshop of glass master Luk\u00e1\u0161 \u0160ulc from \u017delezn\u00fd Brod.<\/p>\n<p>An equally important part of the Automotive Leaders Forum was the subsequent informal networking, which took place to a&nbsp;pleasant musical accompaniment and especially during the consumption of mostly sustainable delicacies.<\/p>\n<p>The Automotive Industry Association would like to thank all the partners of the event, which were \u0160koda Auto (general partner); \u010cEZ ESCO, EY, Panattoni, Renomia, Hyundai Motor Manufacturing, T-Mobile (main partners); ACEA, Hofmann Wizard, Iveco Bus, Onsemi, Pra\u017esk\u00e1 energetika, QPAG, Thein and Toyota Motor Manufacturing Czech (partners). The media partner of the whole evening was the magazine \u010cesk\u00fd autopr\u016fmysl.<\/p>\n<\/div>\n<p>&nbsp;<\/p>\n<h2><strong>Photogallery<\/strong><\/h2>\n<p>&nbsp;<\/p>\n","protected":false},"featured_media":15037,"parent":0,"template":"","categories":[231],"acf":[],"yoast_head":"<!-- This site is optimized with the Yoast SEO plugin v24.5 - https:\/\/yoast.com\/wordpress\/plugins\/seo\/ -->\n<title>Automotive Leaders Forum for the third time, this year on the topic of &quot;sustainability&quot; - SAP \u2013 Sdru\u017een\u00ed automobilov\u00e9ho pr\u016fmyslu<\/title>\n<meta name=\"robots\" content=\"index, follow, max-snippet:-1, max-image-preview:large, max-video-preview:-1\" \/>\n<link rel=\"canonical\" href=\"https:\/\/autosap.cz\/en\/aktualita\/automotive-leaders-forum-potreti-letos-na-tema-udrzitelnost\/\" \/>\n<meta property=\"og:locale\" content=\"en_US\" \/>\n<meta property=\"og:type\" content=\"article\" \/>\n<meta property=\"og:title\" content=\"Automotive Leaders Forum for the third time, this year on the topic of &quot;sustainability&quot; - SAP \u2013 Sdru\u017een\u00ed automobilov\u00e9ho pr\u016fmyslu\" \/>\n<meta property=\"og:description\" content=\"At the third edition of the Automotive Leaders Forum, which took place on 27 June 2024 as last year in the functionalist building of Galerie M\u00e1nes, the Automotive Industry Association invited not only representatives of AutoSAP member companies but also other guests, both from the state administration and cooperating organizations. More than a&nbsp;hundred people thus... Read more\" \/>\n<meta property=\"og:url\" content=\"https:\/\/autosap.cz\/en\/aktualita\/automotive-leaders-forum-potreti-letos-na-tema-udrzitelnost\/\" \/>\n<meta property=\"og:site_name\" content=\"SAP \u2013 Sdru\u017een\u00ed automobilov\u00e9ho pr\u016fmyslu\" \/>\n<meta property=\"article:modified_time\" content=\"2024-07-08T12:32:42+00:00\" \/>\n<meta property=\"og:image\" content=\"https:\/\/autosap.cz\/wp-content\/uploads\/2024\/07\/dsc02974-scaled.jpg\" \/>\n\t<meta property=\"og:image:width\" content=\"2560\" \/>\n\t<meta property=\"og:image:height\" content=\"1759\" \/>\n\t<meta property=\"og:image:type\" content=\"image\/jpeg\" \/>\n<meta name=\"twitter:card\" content=\"summary_large_image\" \/>\n<meta name=\"twitter:label1\" content=\"Est. reading time\" \/>\n\t<meta name=\"twitter:data1\" content=\"4 minutes\" \/>\n<script type=\"application\/ld+json\" class=\"yoast-schema-graph\">{\"@context\":\"https:\/\/schema.org\",\"@graph\":[{\"@type\":\"WebPage\",\"@id\":\"https:\/\/autosap.cz\/en\/aktualita\/automotive-leaders-forum-potreti-letos-na-tema-udrzitelnost\/\",\"url\":\"https:\/\/autosap.cz\/en\/aktualita\/automotive-leaders-forum-potreti-letos-na-tema-udrzitelnost\/\",\"name\":\"Automotive Leaders Forum for the third time, this year on the topic of \\\"sustainability\\\" - SAP \u2013 Sdru\u017een\u00ed automobilov\u00e9ho pr\u016fmyslu\",\"isPartOf\":{\"@id\":\"https:\/\/autosap.cz\/en\/#website\"},\"primaryImageOfPage\":{\"@id\":\"https:\/\/autosap.cz\/en\/aktualita\/automotive-leaders-forum-potreti-letos-na-tema-udrzitelnost\/#primaryimage\"},\"image\":{\"@id\":\"https:\/\/autosap.cz\/en\/aktualita\/automotive-leaders-forum-potreti-letos-na-tema-udrzitelnost\/#primaryimage\"},\"thumbnailUrl\":\"https:\/\/autosap.cz\/wp-content\/uploads\/2024\/07\/dsc02974-scaled.jpg\",\"datePublished\":\"2024-07-08T12:09:48+00:00\",\"dateModified\":\"2024-07-08T12:32:42+00:00\",\"breadcrumb\":{\"@id\":\"https:\/\/autosap.cz\/en\/aktualita\/automotive-leaders-forum-potreti-letos-na-tema-udrzitelnost\/#breadcrumb\"},\"inLanguage\":\"en-US\",\"potentialAction\":[{\"@type\":\"ReadAction\",\"target\":[\"https:\/\/autosap.cz\/en\/aktualita\/automotive-leaders-forum-potreti-letos-na-tema-udrzitelnost\/\"]}]},{\"@type\":\"ImageObject\",\"inLanguage\":\"en-US\",\"@id\":\"https:\/\/autosap.cz\/en\/aktualita\/automotive-leaders-forum-potreti-letos-na-tema-udrzitelnost\/#primaryimage\",\"url\":\"https:\/\/autosap.cz\/wp-content\/uploads\/2024\/07\/dsc02974-scaled.jpg\",\"contentUrl\":\"https:\/\/autosap.cz\/wp-content\/uploads\/2024\/07\/dsc02974-scaled.jpg\",\"width\":2560,\"height\":1759,\"caption\":\"Minister of transportation Martin Kupka at this year's Automotive Leaders Forum 2024. | Photo: Josef Hor\u00e1zn\u00fd\"},{\"@type\":\"BreadcrumbList\",\"@id\":\"https:\/\/autosap.cz\/en\/aktualita\/automotive-leaders-forum-potreti-letos-na-tema-udrzitelnost\/#breadcrumb\",\"itemListElement\":[{\"@type\":\"ListItem\",\"position\":1,\"name\":\"\",\"item\":\"https:\/\/autosap.cz\/en\/\"},{\"@type\":\"ListItem\",\"position\":2,\"name\":\"News\",\"item\":\"https:\/\/autosap.cz\/en\/aktualita\/\"},{\"@type\":\"ListItem\",\"position\":3,\"name\":\"Automotive Leaders Forum for the third time, this year on the topic of &#8222;sustainability&#8220;\"}]},{\"@type\":\"WebSite\",\"@id\":\"https:\/\/autosap.cz\/en\/#website\",\"url\":\"https:\/\/autosap.cz\/en\/\",\"name\":\"SAP \u2013 Sdru\u017een\u00ed automobilov\u00e9ho pr\u016fmyslu\",\"description\":\"Sdru\u017een\u00ed automobilov\u00e9ho pr\u016fmyslu\",\"potentialAction\":[{\"@type\":\"SearchAction\",\"target\":{\"@type\":\"EntryPoint\",\"urlTemplate\":\"https:\/\/autosap.cz\/en\/?s={search_term_string}\"},\"query-input\":{\"@type\":\"PropertyValueSpecification\",\"valueRequired\":true,\"valueName\":\"search_term_string\"}}],\"inLanguage\":\"en-US\"}]}<\/script>\n<!-- \/ Yoast SEO plugin. -->","yoast_head_json":{"title":"Automotive Leaders Forum for the third time, this year on the topic of \"sustainability\" - SAP \u2013 Sdru\u017een\u00ed automobilov\u00e9ho pr\u016fmyslu","robots":{"index":"index","follow":"follow","max-snippet":"max-snippet:-1","max-image-preview":"max-image-preview:large","max-video-preview":"max-video-preview:-1"},"canonical":"https:\/\/autosap.cz\/en\/aktualita\/automotive-leaders-forum-potreti-letos-na-tema-udrzitelnost\/","og_locale":"en_US","og_type":"article","og_title":"Automotive Leaders Forum for the third time, this year on the topic of \"sustainability\" - SAP \u2013 Sdru\u017een\u00ed automobilov\u00e9ho pr\u016fmyslu","og_description":"At the third edition of the Automotive Leaders Forum, which took place on 27 June 2024 as last year in the functionalist building of Galerie M\u00e1nes, the Automotive Industry Association invited not only representatives of AutoSAP member companies but also other guests, both from the state administration and cooperating organizations. More than a&nbsp;hundred people thus... Read more","og_url":"https:\/\/autosap.cz\/en\/aktualita\/automotive-leaders-forum-potreti-letos-na-tema-udrzitelnost\/","og_site_name":"SAP \u2013 Sdru\u017een\u00ed automobilov\u00e9ho pr\u016fmyslu","article_modified_time":"2024-07-08T12:32:42+00:00","og_image":[{"width":2560,"height":1759,"url":"https:\/\/autosap.cz\/wp-content\/uploads\/2024\/07\/dsc02974-scaled.jpg","type":"image\/jpeg"}],"twitter_card":"summary_large_image","twitter_misc":{"Est. reading time":"4 minutes"},"schema":{"@context":"https:\/\/schema.org","@graph":[{"@type":"WebPage","@id":"https:\/\/autosap.cz\/en\/aktualita\/automotive-leaders-forum-potreti-letos-na-tema-udrzitelnost\/","url":"https:\/\/autosap.cz\/en\/aktualita\/automotive-leaders-forum-potreti-letos-na-tema-udrzitelnost\/","name":"Automotive Leaders Forum for the third time, this year on the topic of \"sustainability\" - SAP \u2013 Sdru\u017een\u00ed automobilov\u00e9ho pr\u016fmyslu","isPartOf":{"@id":"https:\/\/autosap.cz\/en\/#website"},"primaryImageOfPage":{"@id":"https:\/\/autosap.cz\/en\/aktualita\/automotive-leaders-forum-potreti-letos-na-tema-udrzitelnost\/#primaryimage"},"image":{"@id":"https:\/\/autosap.cz\/en\/aktualita\/automotive-leaders-forum-potreti-letos-na-tema-udrzitelnost\/#primaryimage"},"thumbnailUrl":"https:\/\/autosap.cz\/wp-content\/uploads\/2024\/07\/dsc02974-scaled.jpg","datePublished":"2024-07-08T12:09:48+00:00","dateModified":"2024-07-08T12:32:42+00:00","breadcrumb":{"@id":"https:\/\/autosap.cz\/en\/aktualita\/automotive-leaders-forum-potreti-letos-na-tema-udrzitelnost\/#breadcrumb"},"inLanguage":"en-US","potentialAction":[{"@type":"ReadAction","target":["https:\/\/autosap.cz\/en\/aktualita\/automotive-leaders-forum-potreti-letos-na-tema-udrzitelnost\/"]}]},{"@type":"ImageObject","inLanguage":"en-US","@id":"https:\/\/autosap.cz\/en\/aktualita\/automotive-leaders-forum-potreti-letos-na-tema-udrzitelnost\/#primaryimage","url":"https:\/\/autosap.cz\/wp-content\/uploads\/2024\/07\/dsc02974-scaled.jpg","contentUrl":"https:\/\/autosap.cz\/wp-content\/uploads\/2024\/07\/dsc02974-scaled.jpg","width":2560,"height":1759,"caption":"Minister of transportation Martin Kupka at this year's Automotive Leaders Forum 2024. | Photo: Josef Hor\u00e1zn\u00fd"},{"@type":"BreadcrumbList","@id":"https:\/\/autosap.cz\/en\/aktualita\/automotive-leaders-forum-potreti-letos-na-tema-udrzitelnost\/#breadcrumb","itemListElement":[{"@type":"ListItem","position":1,"name":"","item":"https:\/\/autosap.cz\/en\/"},{"@type":"ListItem","position":2,"name":"News","item":"https:\/\/autosap.cz\/en\/aktualita\/"},{"@type":"ListItem","position":3,"name":"Automotive Leaders Forum for the third time, this year on the topic of &#8222;sustainability&#8220;"}]},{"@type":"WebSite","@id":"https:\/\/autosap.cz\/en\/#website","url":"https:\/\/autosap.cz\/en\/","name":"SAP \u2013 Sdru\u017een\u00ed automobilov\u00e9ho pr\u016fmyslu","description":"Sdru\u017een\u00ed automobilov\u00e9ho pr\u016fmyslu","potentialAction":[{"@type":"SearchAction","target":{"@type":"EntryPoint","urlTemplate":"https:\/\/autosap.cz\/en\/?s={search_term_string}"},"query-input":{"@type":"PropertyValueSpecification","valueRequired":true,"valueName":"search_term_string"}}],"inLanguage":"en-US"}]}},"_links":{"self":[{"href":"https:\/\/autosap.cz\/en\/wp-json\/wp\/v2\/aktualita\/15055"}],"collection":[{"href":"https:\/\/autosap.cz\/en\/wp-json\/wp\/v2\/aktualita"}],"about":[{"href":"https:\/\/autosap.cz\/en\/wp-json\/wp\/v2\/types\/aktualita"}],"wp:featuredmedia":[{"embeddable":true,"href":"https:\/\/autosap.cz\/en\/wp-json\/wp\/v2\/media\/15037"}],"wp:attachment":[{"href":"https:\/\/autosap.cz\/en\/wp-json\/wp\/v2\/media?parent=15055"}],"wp:term":[{"taxonomy":"category","embeddable":true,"href":"https:\/\/autosap.cz\/en\/wp-json\/wp\/v2\/categories?post=15055"}],"curies":[{"name":"wp","href":"https:\/\/api.w.org\/{rel}","templated":true}]}}

<div>
<p>At the third edition of the Automotive Leaders Forum, which took place on 27 June 2024 as last year in the functionalist building of Galerie Mánes, the Automotive Industry Association invited not only representatives of AutoSAP member companies but also other guests, both from the state administration and cooperating organizations. More than a&nbsp;hundred people thus marked the highest attendance in the event&#8217;s&nbsp;history.</p>
<p>The evening began with a&nbsp;tour of the exhibition specially prepared for the occasion, where companies from the automotive industry, both AutoSAP members and non-members, presented products that meet the highest sustainability criteria. These included new eco-friendly materials for use in vehicle interiors, as well as examples of recycling or production processes that leave no carbon footprint. Exhibitors included Tawesco Automotive, Plastika, Antolin, Wolters, Praktiksystem, GKN Powder Metallurgy Engineering, Treves, Van De Velde Packaging, Silon, Minth Group, Ronal, Eissmann Group Automotive, Sage Automotive Interiors, Qinshift and Trask solutions.</p>
</div>
<div>
<p>The second part of the evening began with short speeches. Firstly, Martin Jahn, President of the Association of the Automotive Industry and member of the Board of Directors of Škoda Auto, greeted the attendees and mentioned, among other things, that the domestic automotive industry has already returned to pre-crisis values in terms of production volume and has repeatedly confirmed its competitiveness. The importance of this sector was also stressed by Transport Minister Martin Kupka, who, among other things, recalled the Czech Republic&#8217;s&nbsp;success last year in negotiations on the softer Euro 7 standard.</p>
<p>The theme of sustainability, which was the subtitle of this year&#8217;s&nbsp;Automotive Leaders Forum event, was not only reflected in the exhibition, but also in two presentations. Škoda Auto Board Member Karsten Schnake titled his presentation &#8220;Sustainability as a&nbsp;business case&#8221;. In this context, he spoke about both regulatory requirements and the strategy being implemented throughout the Volkswagen Group. He gave examples of how VW Group companies use environmentally friendly materials or how they deal with the circular economy. He stressed that the customer always comes first.</p>
</div>
<div>
<p>Soňa Klepek Jonášová, founder of the Institute of Circular Economy, gave a&nbsp;presentation on the identical topic (&#8220;Sustainability and Circularity as Opportunity&#8221;), which she conceived as part of the Green Deal. She mentioned, among other things, some of the results of a&nbsp;survey on corporate sustainability: for example, that 81 percent of companies with more than 250 employees already have a&nbsp;sustainability specialist on their team.</p>
<p>The evening also included the traditional announcement of the winners of the Automotive Business of the Year competition. The winners for 2023 were 3M Czech Republic, exe and Tawesco Automotive among companies with up to 250 employees, and Hyundai Motor Manufacturing Czech, Iveco Czech Republic and Škoda Auto among companies with more than 250 employees. Representatives of the awarded companies received handmade original glass sculptures from the workshop of glass master Lukáš Šulc from Železný Brod.</p>
<p>An equally important part of the Automotive Leaders Forum was the subsequent informal networking, which took place to a&nbsp;pleasant musical accompaniment and especially during the consumption of mostly sustainable delicacies.</p>
<p>The Automotive Industry Association would like to thank all the partners of the event, which were Škoda Auto (general partner); ČEZ ESCO, EY, Panattoni, Renomia, Hyundai Motor Manufacturing, T-Mobile (main partners); ACEA, Hofmann Wizard, Iveco Bus, Onsemi, Pražská energetika, QPAG, Thein and Toyota Motor Manufacturing Czech (partners). The media partner of the whole evening was the magazine Český autoprůmysl.</p>
</div>
<p>&nbsp;</p>
<h2><strong>Photogallery</strong></h2>
<p>&nbsp;</p>

<!-- This site is optimized with the Yoast SEO plugin v24.5 - https://yoast.com/wordpress/plugins/seo/ -->
<title>Automotive Leaders Forum for the third time, this year on the topic of &quot;sustainability&quot; - SAP – Sdružení automobilového průmyslu</title>
<meta name="robots" content="index, follow, max-snippet:-1, max-image-preview:large, max-video-preview:-1" />
<link rel="canonical" href="https://autosap.cz/en/aktualita/automotive-leaders-forum-potreti-letos-na-tema-udrzitelnost/" />
<meta property="og:locale" content="en_US" />
<meta property="og:type" content="article" />
<meta property="og:title" content="Automotive Leaders Forum for the third time, this year on the topic of &quot;sustainability&quot; - SAP – Sdružení automobilového průmyslu" />
<meta property="og:description" content="At the third edition of the Automotive Leaders Forum, which took place on 27 June 2024 as last year in the functionalist building of Galerie Mánes, the Automotive Industry Association invited not only representatives of AutoSAP member companies but also other guests, both from the state administration and cooperating organizations. More than a&nbsp;hundred people thus... Read more" />
<meta property="og:url" content="https://autosap.cz/en/aktualita/automotive-leaders-forum-potreti-letos-na-tema-udrzitelnost/" />
<meta property="og:site_name" content="SAP – Sdružení automobilového průmyslu" />
<meta property="article:modified_time" content="2024-07-08T12:32:42+00:00" />
<meta property="og:image" content="https://autosap.cz/wp-content/uploads/2024/07/dsc02974-scaled.jpg" />
	<meta property="og:image:width" content="2560" />
	<meta property="og:image:height" content="1759" />
	<meta property="og:image:type" content="image/jpeg" />
<meta name="twitter:card" content="summary_large_image" />
<meta name="twitter:label1" content="Est. reading time" />
	<meta name="twitter:data1" content="4 minutes" />
<script type="application/ld+json" class="yoast-schema-graph">{"@context":"https://schema.org","@graph":[{"@type":"WebPage","@id":"https://autosap.cz/en/aktualita/automotive-leaders-forum-potreti-letos-na-tema-udrzitelnost/","url":"https://autosap.cz/en/aktualita/automotive-leaders-forum-potreti-letos-na-tema-udrzitelnost/","name":"Automotive Leaders Forum for the third time, this year on the topic of \"sustainability\" - SAP – Sdružení automobilového průmyslu","isPartOf":{"@id":"https://autosap.cz/en/#website"},"primaryImageOfPage":{"@id":"https://autosap.cz/en/aktualita/automotive-leaders-forum-potreti-letos-na-tema-udrzitelnost/#primaryimage"},"image":{"@id":"https://autosap.cz/en/aktualita/automotive-leaders-forum-potreti-letos-na-tema-udrzitelnost/#primaryimage"},"thumbnailUrl":"https://autosap.cz/wp-content/uploads/2024/07/dsc02974-scaled.jpg","datePublished":"2024-07-08T12:09:48+00:00","dateModified":"2024-07-08T12:32:42+00:00","breadcrumb":{"@id":"https://autosap.cz/en/aktualita/automotive-leaders-forum-potreti-letos-na-tema-udrzitelnost/#breadcrumb"},"inLanguage":"en-US","potentialAction":[{"@type":"ReadAction","target":["https://autosap.cz/en/aktualita/automotive-leaders-forum-potreti-letos-na-tema-udrzitelnost/"]}]},{"@type":"ImageObject","inLanguage":"en-US","@id":"https://autosap.cz/en/aktualita/automotive-leaders-forum-potreti-letos-na-tema-udrzitelnost/#primaryimage","url":"https://autosap.cz/wp-content/uploads/2024/07/dsc02974-scaled.jpg","contentUrl":"https://autosap.cz/wp-content/uploads/2024/07/dsc02974-scaled.jpg","width":2560,"height":1759,"caption":"Minister of transportation Martin Kupka at this year's Automotive Leaders Forum 2024. | Photo: Josef Horázný"},{"@type":"BreadcrumbList","@id":"https://autosap.cz/en/aktualita/automotive-leaders-forum-potreti-letos-na-tema-udrzitelnost/#breadcrumb","itemListElement":[{"@type":"ListItem","position":1,"name":"","item":"https://autosap.cz/en/"},{"@type":"ListItem","position":2,"name":"News","item":"https://autosap.cz/en/aktualita/"},{"@type":"ListItem","position":3,"name":"Automotive Leaders Forum for the third time, this year on the topic of &#8222;sustainability&#8220;"}]},{"@type":"WebSite","@id":"https://autosap.cz/en/#website","url":"https://autosap.cz/en/","name":"SAP – Sdružení automobilového průmyslu","description":"Sdružení automobilového průmyslu","potentialAction":[{"@type":"SearchAction","target":{"@type":"EntryPoint","urlTemplate":"https://autosap.cz/en/?s={search_term_string}"},"query-input":{"@type":"PropertyValueSpecification","valueRequired":true,"valueName":"search_term_string"}}],"inLanguage":"en-US"}]}</script>
<!-- / Yoast SEO plugin. -->

Automotive Leaders Forum for the third time, this year on the topic of "sustainability" - SAP – Sdružení automobilového průmyslu

At the third edition of the Automotive Leaders Forum, which took place on 27 June 2024 as last year in the functionalist building of Galerie Mánes, the Automotive Industry Association invited not only representatives of AutoSAP member companies but also other guests, both from the state administration and cooperating organizations. More than a&nbsp;hundred people thus... Read more

SAP – Sdružení automobilového průmyslu

Minister of transportation Martin Kupka at this year's Automotive Leaders Forum 2024. | Photo: Josef Horázný

Sdružení automobilového průmyslu
