{"id":17449,"date":"2025-06-30T17:00:29","date_gmt":"2025-06-30T15:00:29","guid":{"rendered":"https:\/\/autosap.cz\/aktualita\/automotive-leaders-forum-2025\/"},"modified":"2025-06-30T20:32:35","modified_gmt":"2025-06-30T18:32:35","slug":"automotive-leaders-forum-2025","status":"publish","type":"aktualita","link":"https:\/\/autosap.cz\/en\/aktualita\/automotive-leaders-forum-2025\/","title":{"rendered":"Automotive Leaders Forum 2025"},"content":{"rendered":"<p>&nbsp;<\/p>\n<h4><strong>A common vision for the future of the Czech car industry<\/strong><\/h4>\n<p>The evening was opened by moderator Rebecca Diatilov\u00e1 and the first words belonged to the president of AutoSAP Martin Jahn, who highlighted the role of the automotive industry as a&nbsp;stable pillar of the Czech economy. Subsequently, the two ministers &#8211; Minister of Transport Martin Kupka and Minister of Industry and Trade Luk\u00e1\u0161 Vl\u010dek &#8211; also spoke, praising the successful cooperation towards further years of competitiveness of the Czech auto industry. Florence Doucy, the general partner of Hyundai Motor Group, delivered a&nbsp;speech emphasising the importance of the Czech Republic as an important partner of the automotive industry in meeting the challenges ahead.<\/p>\n<h4><strong>Macroeconomic reality and climate uncertainty<\/strong><\/h4>\n<p>The first keynote presentation was given by David Navr\u00e1til, Chief Economist of \u010cesk\u00e1 spo\u0159itelna. In his presentation, he summarized the current macroeconomic developments in the Czech Republic and the EU and pointed out the key factors affecting the performance of the industry: interest rates, consumer demand and inflation. He also recalled geopolitical risk factors, in particular instability in supply chains and uncertainty in the energy sector.<\/p>\n<p>He was followed by Tom\u00e1\u0161 F\u00fcrst, a&nbsp;mathematician and data analyst from Palack\u00fd University in Olomouc, with an original paper on climate change and how to approach its assessment through mathematical modelling. He offered a&nbsp;critical but substantive reflection on current data and methodologies and asked the question whether we really have enough information to make crucial decisions that translate into industrial and environmental policy. The audience appreciated the balanced approach and deeper insight into an issue that also has a&nbsp;direct impact on the future of mobility.<\/p>\n<h4><strong>Businesses of the Year and networking<\/strong><\/h4>\n<p>The expert part was followed by a&nbsp;gala dinner in the form of a&nbsp;buffet and then the traditional announcement of the results of the Automotive Business of the Year competition. The competition annually recognizes companies that excel in innovation, quality, efficiency and social responsibility. The winners for 2024 were presented in the presence of prominent industry figures and received awards symbolizing the success of the Czech automotive industry. 3M \u010cesko, spol. s&nbsp;r.o., D PLAST a.s. and TIBERINA Automotive B\u011bl\u00e1 s.r.o. were awarded in alphabetical order in the category of companies with up to 250 employees. Hyundai Motor Manufacturing Czech s.r.o., Magna Exteriors Bohemia s.r.o. and \u0160koda Auto a.s. The final part of the evening belonged to informal networking among the participants of the Automotive Leaders Forum, which, like the first conference part of the evening, took place in the modern environment of the FUZE restaurant in the iconic Masarycka building. In addition to great food from the kitchen of chef Jakub Hirsch, the participants also enjoyed a&nbsp;musical performance by singer Maky.<\/p>\n<h4><strong>Thanks to partners<\/strong><\/h4>\n<p>The event was supported by the following partners. The general partner was Hyundai Motor Group. The main partners of the fourth edition of Automotive Leaders Forum 2025 included ACS Automotive Cluster of Slovenia, Panattoni and Renomia. Other partners of the evening were ACEA, Dress &amp; Sommer, EY, JTEKT, Peterka &amp; Partners, QPAG, Tiyo and Toyota Motor Manufacturing Czech. The event was media supported by the magazine \u010cesk\u00fd autopr\u016fmysl.<\/p>\n<h4><strong>ALF2026 next year<\/strong><\/h4>\n<p>Automotive Leaders Forum 2025 confirmed that dialogue across industry, politics and academia is essential in today&#8217;s&nbsp;turbulent times. Open debate, experience sharing and inspiring presentations were again key to strengthening the position of the Czech automotive industry in the European and global context. We would like to thank everyone who contributed to this year&#8217;s&nbsp;success &#8211; partners, guests and speakers. We are already working on next year&#8217;s&nbsp;edition, which will bring another batch of topical issues, strategic perspectives and new networking opportunities. Join us in 2026 &#8211; together we are creating the future of mobility.<\/p>\n<h4><strong>Photogallery<\/strong><\/h4>\n","protected":false},"featured_media":17444,"parent":0,"template":"","categories":[231],"acf":[],"yoast_head":"<!-- This site is optimized with the Yoast SEO plugin v24.5 - https:\/\/yoast.com\/wordpress\/plugins\/seo\/ -->\n<title>Automotive Leaders Forum 2025 - SAP \u2013 Sdru\u017een\u00ed automobilov\u00e9ho pr\u016fmyslu<\/title>\n<meta name=\"robots\" content=\"index, follow, max-snippet:-1, max-image-preview:large, max-video-preview:-1\" \/>\n<link rel=\"canonical\" href=\"https:\/\/autosap.cz\/en\/aktualita\/automotive-leaders-forum-2025\/\" \/>\n<meta property=\"og:locale\" content=\"en_US\" \/>\n<meta property=\"og:type\" content=\"article\" \/>\n<meta property=\"og:title\" content=\"Automotive Leaders Forum 2025 - SAP \u2013 Sdru\u017een\u00ed automobilov\u00e9ho pr\u016fmyslu\" \/>\n<meta property=\"og:description\" content=\"&nbsp; A common vision for the future of the Czech car industry The evening was opened by moderator Rebecca Diatilov\u00e1 and the first words belonged to the president of AutoSAP Martin Jahn, who highlighted the role of the automotive industry as a&nbsp;stable pillar of the Czech economy. Subsequently, the two ministers &#8211; Minister of Transport... Read more\" \/>\n<meta property=\"og:url\" content=\"https:\/\/autosap.cz\/en\/aktualita\/automotive-leaders-forum-2025\/\" \/>\n<meta property=\"og:site_name\" content=\"SAP \u2013 Sdru\u017een\u00ed automobilov\u00e9ho pr\u016fmyslu\" \/>\n<meta property=\"article:modified_time\" content=\"2025-06-30T18:32:35+00:00\" \/>\n<meta property=\"og:image\" content=\"https:\/\/autosap.cz\/wp-content\/uploads\/2025\/06\/uvodni.jpg\" \/>\n\t<meta property=\"og:image:width\" content=\"1617\" \/>\n\t<meta property=\"og:image:height\" content=\"1262\" \/>\n\t<meta property=\"og:image:type\" content=\"image\/jpeg\" \/>\n<meta name=\"twitter:card\" content=\"summary_large_image\" \/>\n<meta name=\"twitter:label1\" content=\"Est. reading time\" \/>\n\t<meta name=\"twitter:data1\" content=\"4 minutes\" \/>\n<script type=\"application\/ld+json\" class=\"yoast-schema-graph\">{\"@context\":\"https:\/\/schema.org\",\"@graph\":[{\"@type\":\"WebPage\",\"@id\":\"https:\/\/autosap.cz\/en\/aktualita\/automotive-leaders-forum-2025\/\",\"url\":\"https:\/\/autosap.cz\/en\/aktualita\/automotive-leaders-forum-2025\/\",\"name\":\"Automotive Leaders Forum 2025 - SAP \u2013 Sdru\u017een\u00ed automobilov\u00e9ho pr\u016fmyslu\",\"isPartOf\":{\"@id\":\"https:\/\/autosap.cz\/en\/#website\"},\"primaryImageOfPage\":{\"@id\":\"https:\/\/autosap.cz\/en\/aktualita\/automotive-leaders-forum-2025\/#primaryimage\"},\"image\":{\"@id\":\"https:\/\/autosap.cz\/en\/aktualita\/automotive-leaders-forum-2025\/#primaryimage\"},\"thumbnailUrl\":\"https:\/\/autosap.cz\/wp-content\/uploads\/2025\/06\/uvodni.jpg\",\"datePublished\":\"2025-06-30T15:00:29+00:00\",\"dateModified\":\"2025-06-30T18:32:35+00:00\",\"breadcrumb\":{\"@id\":\"https:\/\/autosap.cz\/en\/aktualita\/automotive-leaders-forum-2025\/#breadcrumb\"},\"inLanguage\":\"en-US\",\"potentialAction\":[{\"@type\":\"ReadAction\",\"target\":[\"https:\/\/autosap.cz\/en\/aktualita\/automotive-leaders-forum-2025\/\"]}]},{\"@type\":\"ImageObject\",\"inLanguage\":\"en-US\",\"@id\":\"https:\/\/autosap.cz\/en\/aktualita\/automotive-leaders-forum-2025\/#primaryimage\",\"url\":\"https:\/\/autosap.cz\/wp-content\/uploads\/2025\/06\/uvodni.jpg\",\"contentUrl\":\"https:\/\/autosap.cz\/wp-content\/uploads\/2025\/06\/uvodni.jpg\",\"width\":1617,\"height\":1262,\"caption\":\"Automotive Leaders Forum 2025 was opened by Martin Jahn, President of AutoSAP. | Photo: Hana G\u00f6rlichov\u00e1\"},{\"@type\":\"BreadcrumbList\",\"@id\":\"https:\/\/autosap.cz\/en\/aktualita\/automotive-leaders-forum-2025\/#breadcrumb\",\"itemListElement\":[{\"@type\":\"ListItem\",\"position\":1,\"name\":\"\",\"item\":\"https:\/\/autosap.cz\/en\/\"},{\"@type\":\"ListItem\",\"position\":2,\"name\":\"News\",\"item\":\"https:\/\/autosap.cz\/en\/aktualita\/\"},{\"@type\":\"ListItem\",\"position\":3,\"name\":\"Automotive Leaders Forum 2025\"}]},{\"@type\":\"WebSite\",\"@id\":\"https:\/\/autosap.cz\/en\/#website\",\"url\":\"https:\/\/autosap.cz\/en\/\",\"name\":\"SAP \u2013 Sdru\u017een\u00ed automobilov\u00e9ho pr\u016fmyslu\",\"description\":\"Sdru\u017een\u00ed automobilov\u00e9ho pr\u016fmyslu\",\"potentialAction\":[{\"@type\":\"SearchAction\",\"target\":{\"@type\":\"EntryPoint\",\"urlTemplate\":\"https:\/\/autosap.cz\/en\/?s={search_term_string}\"},\"query-input\":{\"@type\":\"PropertyValueSpecification\",\"valueRequired\":true,\"valueName\":\"search_term_string\"}}],\"inLanguage\":\"en-US\"}]}<\/script>\n<!-- \/ Yoast SEO plugin. -->","yoast_head_json":{"title":"Automotive Leaders Forum 2025 - SAP \u2013 Sdru\u017een\u00ed automobilov\u00e9ho pr\u016fmyslu","robots":{"index":"index","follow":"follow","max-snippet":"max-snippet:-1","max-image-preview":"max-image-preview:large","max-video-preview":"max-video-preview:-1"},"canonical":"https:\/\/autosap.cz\/en\/aktualita\/automotive-leaders-forum-2025\/","og_locale":"en_US","og_type":"article","og_title":"Automotive Leaders Forum 2025 - SAP \u2013 Sdru\u017een\u00ed automobilov\u00e9ho pr\u016fmyslu","og_description":"&nbsp; A common vision for the future of the Czech car industry The evening was opened by moderator Rebecca Diatilov\u00e1 and the first words belonged to the president of AutoSAP Martin Jahn, who highlighted the role of the automotive industry as a&nbsp;stable pillar of the Czech economy. Subsequently, the two ministers &#8211; Minister of Transport... Read more","og_url":"https:\/\/autosap.cz\/en\/aktualita\/automotive-leaders-forum-2025\/","og_site_name":"SAP \u2013 Sdru\u017een\u00ed automobilov\u00e9ho pr\u016fmyslu","article_modified_time":"2025-06-30T18:32:35+00:00","og_image":[{"width":1617,"height":1262,"url":"https:\/\/autosap.cz\/wp-content\/uploads\/2025\/06\/uvodni.jpg","type":"image\/jpeg"}],"twitter_card":"summary_large_image","twitter_misc":{"Est. reading time":"4 minutes"},"schema":{"@context":"https:\/\/schema.org","@graph":[{"@type":"WebPage","@id":"https:\/\/autosap.cz\/en\/aktualita\/automotive-leaders-forum-2025\/","url":"https:\/\/autosap.cz\/en\/aktualita\/automotive-leaders-forum-2025\/","name":"Automotive Leaders Forum 2025 - SAP \u2013 Sdru\u017een\u00ed automobilov\u00e9ho pr\u016fmyslu","isPartOf":{"@id":"https:\/\/autosap.cz\/en\/#website"},"primaryImageOfPage":{"@id":"https:\/\/autosap.cz\/en\/aktualita\/automotive-leaders-forum-2025\/#primaryimage"},"image":{"@id":"https:\/\/autosap.cz\/en\/aktualita\/automotive-leaders-forum-2025\/#primaryimage"},"thumbnailUrl":"https:\/\/autosap.cz\/wp-content\/uploads\/2025\/06\/uvodni.jpg","datePublished":"2025-06-30T15:00:29+00:00","dateModified":"2025-06-30T18:32:35+00:00","breadcrumb":{"@id":"https:\/\/autosap.cz\/en\/aktualita\/automotive-leaders-forum-2025\/#breadcrumb"},"inLanguage":"en-US","potentialAction":[{"@type":"ReadAction","target":["https:\/\/autosap.cz\/en\/aktualita\/automotive-leaders-forum-2025\/"]}]},{"@type":"ImageObject","inLanguage":"en-US","@id":"https:\/\/autosap.cz\/en\/aktualita\/automotive-leaders-forum-2025\/#primaryimage","url":"https:\/\/autosap.cz\/wp-content\/uploads\/2025\/06\/uvodni.jpg","contentUrl":"https:\/\/autosap.cz\/wp-content\/uploads\/2025\/06\/uvodni.jpg","width":1617,"height":1262,"caption":"Automotive Leaders Forum 2025 was opened by Martin Jahn, President of AutoSAP. | Photo: Hana G\u00f6rlichov\u00e1"},{"@type":"BreadcrumbList","@id":"https:\/\/autosap.cz\/en\/aktualita\/automotive-leaders-forum-2025\/#breadcrumb","itemListElement":[{"@type":"ListItem","position":1,"name":"","item":"https:\/\/autosap.cz\/en\/"},{"@type":"ListItem","position":2,"name":"News","item":"https:\/\/autosap.cz\/en\/aktualita\/"},{"@type":"ListItem","position":3,"name":"Automotive Leaders Forum 2025"}]},{"@type":"WebSite","@id":"https:\/\/autosap.cz\/en\/#website","url":"https:\/\/autosap.cz\/en\/","name":"SAP \u2013 Sdru\u017een\u00ed automobilov\u00e9ho pr\u016fmyslu","description":"Sdru\u017een\u00ed automobilov\u00e9ho pr\u016fmyslu","potentialAction":[{"@type":"SearchAction","target":{"@type":"EntryPoint","urlTemplate":"https:\/\/autosap.cz\/en\/?s={search_term_string}"},"query-input":{"@type":"PropertyValueSpecification","valueRequired":true,"valueName":"search_term_string"}}],"inLanguage":"en-US"}]}},"_links":{"self":[{"href":"https:\/\/autosap.cz\/en\/wp-json\/wp\/v2\/aktualita\/17449"}],"collection":[{"href":"https:\/\/autosap.cz\/en\/wp-json\/wp\/v2\/aktualita"}],"about":[{"href":"https:\/\/autosap.cz\/en\/wp-json\/wp\/v2\/types\/aktualita"}],"wp:featuredmedia":[{"embeddable":true,"href":"https:\/\/autosap.cz\/en\/wp-json\/wp\/v2\/media\/17444"}],"wp:attachment":[{"href":"https:\/\/autosap.cz\/en\/wp-json\/wp\/v2\/media?parent=17449"}],"wp:term":[{"taxonomy":"category","embeddable":true,"href":"https:\/\/autosap.cz\/en\/wp-json\/wp\/v2\/categories?post=17449"}],"curies":[{"name":"wp","href":"https:\/\/api.w.org\/{rel}","templated":true}]}}

<p>&nbsp;</p>
<h4><strong>A common vision for the future of the Czech car industry</strong></h4>
<p>The evening was opened by moderator Rebecca Diatilová and the first words belonged to the president of AutoSAP Martin Jahn, who highlighted the role of the automotive industry as a&nbsp;stable pillar of the Czech economy. Subsequently, the two ministers &#8211; Minister of Transport Martin Kupka and Minister of Industry and Trade Lukáš Vlček &#8211; also spoke, praising the successful cooperation towards further years of competitiveness of the Czech auto industry. Florence Doucy, the general partner of Hyundai Motor Group, delivered a&nbsp;speech emphasising the importance of the Czech Republic as an important partner of the automotive industry in meeting the challenges ahead.</p>
<h4><strong>Macroeconomic reality and climate uncertainty</strong></h4>
<p>The first keynote presentation was given by David Navrátil, Chief Economist of Česká spořitelna. In his presentation, he summarized the current macroeconomic developments in the Czech Republic and the EU and pointed out the key factors affecting the performance of the industry: interest rates, consumer demand and inflation. He also recalled geopolitical risk factors, in particular instability in supply chains and uncertainty in the energy sector.</p>
<p>He was followed by Tomáš Fürst, a&nbsp;mathematician and data analyst from Palacký University in Olomouc, with an original paper on climate change and how to approach its assessment through mathematical modelling. He offered a&nbsp;critical but substantive reflection on current data and methodologies and asked the question whether we really have enough information to make crucial decisions that translate into industrial and environmental policy. The audience appreciated the balanced approach and deeper insight into an issue that also has a&nbsp;direct impact on the future of mobility.</p>
<h4><strong>Businesses of the Year and networking</strong></h4>
<p>The expert part was followed by a&nbsp;gala dinner in the form of a&nbsp;buffet and then the traditional announcement of the results of the Automotive Business of the Year competition. The competition annually recognizes companies that excel in innovation, quality, efficiency and social responsibility. The winners for 2024 were presented in the presence of prominent industry figures and received awards symbolizing the success of the Czech automotive industry. 3M Česko, spol. s&nbsp;r.o., D PLAST a.s. and TIBERINA Automotive Bělá s.r.o. were awarded in alphabetical order in the category of companies with up to 250 employees. Hyundai Motor Manufacturing Czech s.r.o., Magna Exteriors Bohemia s.r.o. and Škoda Auto a.s. The final part of the evening belonged to informal networking among the participants of the Automotive Leaders Forum, which, like the first conference part of the evening, took place in the modern environment of the FUZE restaurant in the iconic Masarycka building. In addition to great food from the kitchen of chef Jakub Hirsch, the participants also enjoyed a&nbsp;musical performance by singer Maky.</p>
<h4><strong>Thanks to partners</strong></h4>
<p>The event was supported by the following partners. The general partner was Hyundai Motor Group. The main partners of the fourth edition of Automotive Leaders Forum 2025 included ACS Automotive Cluster of Slovenia, Panattoni and Renomia. Other partners of the evening were ACEA, Dress &amp; Sommer, EY, JTEKT, Peterka &amp; Partners, QPAG, Tiyo and Toyota Motor Manufacturing Czech. The event was media supported by the magazine Český autoprůmysl.</p>
<h4><strong>ALF2026 next year</strong></h4>
<p>Automotive Leaders Forum 2025 confirmed that dialogue across industry, politics and academia is essential in today&#8217;s&nbsp;turbulent times. Open debate, experience sharing and inspiring presentations were again key to strengthening the position of the Czech automotive industry in the European and global context. We would like to thank everyone who contributed to this year&#8217;s&nbsp;success &#8211; partners, guests and speakers. We are already working on next year&#8217;s&nbsp;edition, which will bring another batch of topical issues, strategic perspectives and new networking opportunities. Join us in 2026 &#8211; together we are creating the future of mobility.</p>
<h4><strong>Photogallery</strong></h4>

<!-- This site is optimized with the Yoast SEO plugin v24.5 - https://yoast.com/wordpress/plugins/seo/ -->
<title>Automotive Leaders Forum 2025 - SAP – Sdružení automobilového průmyslu</title>
<meta name="robots" content="index, follow, max-snippet:-1, max-image-preview:large, max-video-preview:-1" />
<link rel="canonical" href="https://autosap.cz/en/aktualita/automotive-leaders-forum-2025/" />
<meta property="og:locale" content="en_US" />
<meta property="og:type" content="article" />
<meta property="og:title" content="Automotive Leaders Forum 2025 - SAP – Sdružení automobilového průmyslu" />
<meta property="og:description" content="&nbsp; A common vision for the future of the Czech car industry The evening was opened by moderator Rebecca Diatilová and the first words belonged to the president of AutoSAP Martin Jahn, who highlighted the role of the automotive industry as a&nbsp;stable pillar of the Czech economy. Subsequently, the two ministers &#8211; Minister of Transport... Read more" />
<meta property="og:url" content="https://autosap.cz/en/aktualita/automotive-leaders-forum-2025/" />
<meta property="og:site_name" content="SAP – Sdružení automobilového průmyslu" />
<meta property="article:modified_time" content="2025-06-30T18:32:35+00:00" />
<meta property="og:image" content="https://autosap.cz/wp-content/uploads/2025/06/uvodni.jpg" />
	<meta property="og:image:width" content="1617" />
	<meta property="og:image:height" content="1262" />
	<meta property="og:image:type" content="image/jpeg" />
<meta name="twitter:card" content="summary_large_image" />
<meta name="twitter:label1" content="Est. reading time" />
	<meta name="twitter:data1" content="4 minutes" />
<script type="application/ld+json" class="yoast-schema-graph">{"@context":"https://schema.org","@graph":[{"@type":"WebPage","@id":"https://autosap.cz/en/aktualita/automotive-leaders-forum-2025/","url":"https://autosap.cz/en/aktualita/automotive-leaders-forum-2025/","name":"Automotive Leaders Forum 2025 - SAP – Sdružení automobilového průmyslu","isPartOf":{"@id":"https://autosap.cz/en/#website"},"primaryImageOfPage":{"@id":"https://autosap.cz/en/aktualita/automotive-leaders-forum-2025/#primaryimage"},"image":{"@id":"https://autosap.cz/en/aktualita/automotive-leaders-forum-2025/#primaryimage"},"thumbnailUrl":"https://autosap.cz/wp-content/uploads/2025/06/uvodni.jpg","datePublished":"2025-06-30T15:00:29+00:00","dateModified":"2025-06-30T18:32:35+00:00","breadcrumb":{"@id":"https://autosap.cz/en/aktualita/automotive-leaders-forum-2025/#breadcrumb"},"inLanguage":"en-US","potentialAction":[{"@type":"ReadAction","target":["https://autosap.cz/en/aktualita/automotive-leaders-forum-2025/"]}]},{"@type":"ImageObject","inLanguage":"en-US","@id":"https://autosap.cz/en/aktualita/automotive-leaders-forum-2025/#primaryimage","url":"https://autosap.cz/wp-content/uploads/2025/06/uvodni.jpg","contentUrl":"https://autosap.cz/wp-content/uploads/2025/06/uvodni.jpg","width":1617,"height":1262,"caption":"Automotive Leaders Forum 2025 was opened by Martin Jahn, President of AutoSAP. | Photo: Hana Görlichová"},{"@type":"BreadcrumbList","@id":"https://autosap.cz/en/aktualita/automotive-leaders-forum-2025/#breadcrumb","itemListElement":[{"@type":"ListItem","position":1,"name":"","item":"https://autosap.cz/en/"},{"@type":"ListItem","position":2,"name":"News","item":"https://autosap.cz/en/aktualita/"},{"@type":"ListItem","position":3,"name":"Automotive Leaders Forum 2025"}]},{"@type":"WebSite","@id":"https://autosap.cz/en/#website","url":"https://autosap.cz/en/","name":"SAP – Sdružení automobilového průmyslu","description":"Sdružení automobilového průmyslu","potentialAction":[{"@type":"SearchAction","target":{"@type":"EntryPoint","urlTemplate":"https://autosap.cz/en/?s={search_term_string}"},"query-input":{"@type":"PropertyValueSpecification","valueRequired":true,"valueName":"search_term_string"}}],"inLanguage":"en-US"}]}</script>
<!-- / Yoast SEO plugin. -->

Automotive Leaders Forum 2025 - SAP – Sdružení automobilového průmyslu

&nbsp; A common vision for the future of the Czech car industry The evening was opened by moderator Rebecca Diatilová and the first words belonged to the president of AutoSAP Martin Jahn, who highlighted the role of the automotive industry as a&nbsp;stable pillar of the Czech economy. Subsequently, the two ministers &#8211; Minister of Transport... Read more

SAP – Sdružení automobilového průmyslu

Automotive Leaders Forum 2025 was opened by Martin Jahn, President of AutoSAP. | Photo: Hana Görlichová

Sdružení automobilového průmyslu
